ime factors of w.
2, 37
Let y(w) = -2*w**2 + 27*w + 11. What are the prime factors of y(13)?
2, 3
Let i(a) = -a**3 - 12*a**2 - 10*a + 15. Let u be i(-11). Suppose -y + l - 1 - u = 0, 4*y + 13 = -3*l. What are the prime factors of ((-1300)/91)/(y/14)?
2, 5
Let p = -13 - -15. Suppose -p*g + 7 = -25. Suppose g*j - 20*j = -252. What are the prime factors of j?
3, 7
Suppose -3*u - 141 - 166 = 2*k, -3*u = 3. List the prime factors of (-3 + k)*(-5)/25.
31
Suppose -2*w + 0 + 6 = 0. Suppose -3 = -3*z + 2*z, x - 2 = 4*z. Suppose -58 = -w*u + x. What are the prime factors of u?
2, 3
Suppose 3*h = -h - 16, -3*i = -4*h - 148. Let c = i + -30. What are the prime factors of c?
2, 7
Suppose -1 = 3*a + 5*g + 6, -8 = 2*a + 4*g. Suppose -a*u = 7*u - 1222. List the prime factors of u.
2, 47
Let t(n) = -n**3 - n**2 + 15. Let h be t(0). Suppose h = -11*x + 8*x. What are the prime factors of (-4 - x)/(3/111)?
37
Let r(s) = -4 - 4*s + 2 - 8 + 5. What are the prime factors of r(-8)?
3
Let c = 130 - 38. Suppose -9*a + c = -7*a. List the prime factors of a.
2, 23
Let l = 1 - 17. Let d = l + 222. List the prime factors of d.
2, 103
Let o be 8/((-40)/25) - -5. Suppose 6*q - 810 - 192 = o. List the prime factors of q.
167
Suppose -4*d = 3*h - 2294, -3*h + 3*d + 1265 = -1015. List the prime factors of h.
2, 3, 127
Suppose 0 = -17*z + 20610 - 3763. List the prime factors of z.
991
Let h(f) = 2*f**2 - f + 7. Let p be h(-4). Suppose 9*t = 380 + p. List the prime factors of t.
47
Let q = -117 - -257. Suppose -2*j + q = 16. List the prime factors of j.
2, 31
Suppose -5*i - 3*t = -3*i - 35, 0 = -i + 3*t + 31. Let s = i + -37. What are the prime factors of s/(51/15 + -4)?
5
Let v(z) = z**2 + 5*z - 2. Let f be v(-6). Suppose f*w - m = 2*m + 14, 0 = 5*w - 3*m - 16. Let l(x) = 9*x**2 + 2*x - 1. List the prime factors of l(w).
3, 13
Let d be (-6)/(-36) - 713/(-6). Suppose 9*s - 115 - d = 0. What are the prime factors of s?
2, 13
Let d(m) = -3 + 0*m**2 - 2*m - m - 1 + m**2. Suppose -13*o + 12 = -11*o. What are the prime factors of d(o)?
2, 7
Suppose 0 = -3*g - 393 + 1983. What are the prime factors of g?
2, 5, 53
Let x = 46 - 18. Suppose x*v = 18*v + 970. What are the prime factors of v?
97
List the prime factors of -7 - (-344 - 3 - -5).
5, 67
Let k(n) = 3*n**2 + 25*n - 266. What are the prime factors of k(-37)?
2, 3
Suppose 4*k - 3*a - 1070 = 0, 0*a = 4*k - 4*a - 1072. Let f = k - 78. List the prime factors of f.
2, 47
Let l be 4/(-10) - 132/(-55). Suppose -4*s - s + 2*j = -398, -l*s - 3*j = -163. What are the prime factors of s?
2, 5
Let t be (4/(-5))/(6/(-345)). List the prime factors of ((-6)/12)/((-1)/t).
23
Suppose -128 - 368 = -x + 5*f, 4*f + 1952 = 4*x. List the prime factors of x.
2, 3
Let d(n) be the third derivative of n**5/30 - n**4/24 - 2*n**2. Let p be d(-1). Suppose v + v - 72 = p*j, -j = 0. What are the prime factors of v?
2, 3
Let i be 4/10 - 3888/120. List the prime factors of ((-132)/16)/(12/i).
2, 11
Let i be -1 + (0 - -2) + 1. Let c(u) = u**3 - 34*u**2 + 74*u - 123. Let b be c(32). Suppose i*o = b - 55. What are the prime factors of o?
71
Let t(u) = u**3 + 9*u**2 + 8*u - 7. Let r be t(-8). Let p(h) = -h**2 + 11*h - 12. Let j be p(8). Let v = r + j. What are the prime factors of v?
5
Suppose -c - 5*c = -3624. List the prime factors of c/7 + (-18)/63.
2, 43
Suppose 52 + 352 = -4*q. List the prime factors of 5 - 9 - 2*q.
2, 3, 11
Let z = 587 + -323. Suppose -4*t - z = -4*j - j, 0 = 3*j - 3*t - 159. What are the prime factors of j?
2, 13
Let y = 75 - 87. What are the prime factors of 154 - (y/(-4) - 6 - -5)?
2, 19
Let z be 1*(51 - 2) + -5 + 1. Suppose -41*s + z*s = 952. List the prime factors of s.
2, 7, 17
Suppose 0 = l + 4 - 7. Suppose 0 = k + l*k + 56. Let t(p) = -p**2 - 16*p + 16. What are the prime factors of t(k)?
2, 11
Suppose 28*m = 30*m - 3812. What are the prime factors of m?
2, 953
Suppose 0 = -h - 3*h - 600. Let g be h/18 + (-1)/(-3). List the prime factors of 2/g - (-872)/32.
3
Let x = 5361 - 3053. List the prime factors of x.
2, 577
Let x be 2/2*-5*-1. Let h(s) = -18*s + 6*s + 11*s - 2 + 2*s + 7. List the prime factors of h(x).
2, 5
Let k(y) = y**3 - 3*y**2 - 2*y + 6. Let c be k(3). Let f(d) be the second derivative of d**4/12 - d**3/6 + 5*d**2/2 - 2*d. List the prime factors of f(c).
5
What are the prime factors of -1 - (-791 + 32/4)?
2, 17, 23
Let i(a) = a**2 - 9*a + 10. Let d be i(8). Suppose 3 = -3*o - 5*j - 8, d*o + 3*j + 6 = 0. Suppose o*x + x = 124. List the prime factors of x.
31
Let a be 3*(((-8)/3)/4 - 0). Let f = 11 + 11. Let b = f - a. List the prime factors of b.
2, 3
Let z = 730 - 460. What are the prime factors of z?
2, 3, 5
Let z = -356 - -534. List the prime factors of z.
2, 89
Let q = 21 - 19. Let m be q*(-7)/((-56)/12). List the prime factors of 0 + (-16)/((-6)/m).
2
Let n = 0 - -14. Let s be 7/(n/(-4)) - -8. Suppose -s*z + 10 = -z. What are the prime factors of z?
2
Suppose 3*h - h + 166 = 5*l, -2*l - 5*h = -78. Suppose -l = 5*s - 164. Let y = s + -17. What are the prime factors of y?
3
Suppose x + 2*g = 3*x - 28, 4*x - g = 56. Let o = 31 - x. What are the prime factors of o?
17
Suppose -5*i + 60 + 45 = -5*b, 4*b - 21 = -i. What are the prime factors of 8/(-28) + 2022/i?
2, 3
Suppose 7*w = 2*w - 3*i + 3300, 0 = -2*i. What are the prime factors of w?
2, 3, 5, 11
Suppose 1079 = -8*l + 12903. List the prime factors of l.
2, 739
Let r = 128 - 127. What are the prime factors of 0 + 2 + (39/r - 6)?
5, 7
Let n(v) = 5*v. Let c be n(1). Suppose -2*z - 2*f = 5 - 27, -4*z - 2*f + 52 = 0. Suppose 5*g = z, -i - c*g = -4*i + 18. List the prime factors of i.
11
Let p = 36 - 34. Suppose 0 = p*x - 6*x + 20. What are the prime factors of x?
5
Let z = 29 + -27. Let x(h) = 5*h**2 - 2*h - 2. Let o(y) = -4*y**2 + 2*y + 1. Let f(n) = z*o(n) + 3*x(n). What are the prime factors of f(3)?
53
Let s = 0 + 46. Suppose 5*k = 7*k - 4. Suppose k*h - z = 72, -4*z - s = 3*h - 132. List the prime factors of h.
2, 17
Let y = 593 - 603. Let i(m) = m**3 + 12*m**2 - 4*m + 8*m - 1 + 10*m. List the prime factors of i(y).
59
Let a(s) = 7*s**3 + 2*s**2 + s + 4. Let d be a(3). Suppose 5*y + 49 - d = 0. List the prime factors of y.
3, 11
Let g(c) = 27 + c**3 - 36 - c**2 + 23*c**2 + 14*c. What are the prime factors of g(-21)?
2, 3, 23
Let w(k) = 77*k**3 - 3*k**2 + 4*k - 3. Let y be w(2). Suppose -4*m = -m - y. What are the prime factors of m?
7, 29
Let n(k) = -k**3 + 8*k**2 - 6*k + 8. Suppose -2*t - 12 = -4*t. What are the prime factors of n(t)?
2, 11
Let m be (1/(-3) - -1)*-3. Let b = 62 + -34. List the prime factors of m/(-1 + 3) + b.
3
Let a = -111 - -135. Suppose 603 = 11*j - a. List the prime factors of j.
3, 19
Suppose -93 + 63 = -2*y. Suppose -262 = -2*i - 2*k, -k + 643 = -10*i + y*i. What are the prime factors of i?
2
Let y(g) = -2*g**2 + 49*g + 3. What are the prime factors of y(19)?
2, 53
Let j(u) = 9*u + 203. What are the prime factors of j(6)?
257
Let x = 108 + 42. Let w be (-4)/(-12)*(x + -3). Let o = -15 + w. What are the prime factors of o?
2, 17
Let r = -13 + 31. List the prime factors of 15/(-2)*(3 + (-138)/r).
5, 7
Let h(g) = 5*g**2 + 42*g - 29. List the prime factors of h(-17).
2, 3, 13
Let m(j) = j**2 - 6*j - 14. Suppose -21 = -3*q + 15. Let x be m(q). Let k = x - 29. What are the prime factors of k?
29
Suppose 0 = -4*i - 5*v + 5, 3*i - 5*v - 25 = i. Suppose 0 = 5*a - a - m - 102, 0 = -2*a + i*m + 42. What are the prime factors of a?
2, 13
List the prime factors of ((-16)/(-5))/(62/6045).
2, 3, 13
Let r = 2394 - 410. List the prime factors of (-1*(1 - -2))/((-48)/r).
2, 31
Suppose 5*v - 659 = -2*q, -103 = -v + q + 26. Let i = 210 - v. What are the prime factors of i?
79
Let f(z) = 748*z - 10. What are the prime factors of f(1)?
2, 3, 41
Let r(v) = -104*v**3 + 9*v**2 + 22*v + 1. What are the prime factors of r(-2)?
3, 5, 11
Suppose -5*s + 6160 = -4*q, -2*s = -4*s + 4*q + 2464. Suppose -4*l + s = 232. List the prime factors of l.
2, 5
Let l be (0/(1 - (3 + -4)))/(-1). Suppose l = -4*m + 142 + 30. List the prime factors of m.
43
Let x = 13 + -11. Let v be (-1 - 150)*(1 - 2). Suppose 220 = 4*k + x*h, v - 33 = 2*k + 5*h. What are the prime factors of k?
2, 3
Let x = -1725 - -3258. List the prime factors of x.
3, 7, 73
Let z(a) = -a + 1. Let j(x) = 5*x**2 - 1. L